 1 = 10*z. Determine a(z).
1
Let v = 8 + -5. Suppose v*c + 2 = -4*b, -14 = -0*b + 3*b - 4*c. Let q(x) be the third derivative of 5*x**4/24 + x**3/2 + x**2. Give q(b).
-7
Let v = -2 + 2. Suppose v = 2*q - 3*q. Let a(h) = -3*h**2 + 4 + 0*h**2 + 2*h**2 + h + h**3. What is a(q)?
4
Let t(r) be the first derivative of -r**6/360 + r**5/20 - 5*r**3/3 - 3. Let j(g) be the third derivative of t(g). Determine j(6).
0
Let w = -19 - -16. Let j(v) = -v**3 - 2*v**2 + 4*v + 3. Determine j(w).
0
Let y(m) = -m + 8. Let h = 12 - 5. What is y(h)?
1
Let k(f) = -2*f - 1. Let h be -6 + 2 + -3 + 4. Let m(i) = 2*i + 2. Let b(t) = h*k(t) - 2*m(t). What is b(1)?
1
Let b be (-8)/(-6)*(-60)/(-40). Let g(n) = -9*n + 3. Determine g(b).
-15
Let u(j) = j**2 - 2*j - 3 - 2*j**2 + 5*j. Suppose -3*g - 2*g = 0. Suppose 6 = -g*d + 3*d. What is u(d)?
-1
Suppose 12 = -4*h + 2*h. Let d(c) be the first derivative of c**4/4 + 7*c**3/3 + 3*c**2 - 6*c + 5. Determine d(h).
-6
Let x(f) = -7*f + 1. Let y(k) = -22*k + 3. Let w(i) = -7*x(i) + 2*y(i). Let a = 13 - 15. Determine w(a).
-11
Suppose -5*b + 17 = -58. Let m = -9 + b. Let u(w) = -w**3 + 7*w**2 - 7*w - 5. What is u(m)?
-11
Suppose d - 5 = -0. Suppose d*q = q. Let o(p) = -p**2 + p - 1. Give o(q).
-1
Let p(s) = -1 - 8*s - 4*s + 10*s. Give p(-2).
3
Let z = -4 - 1. Suppose -4*w - 3 = 5*y + 9, 0 = -5*w - 3*y - 2. Let n(d) = 6*d**w + 2*d + 3*d + 4*d**3 - 3*d**3. Calculate n(z).
0
Let j(i) be the second derivative of 1/6*i**3 + 0 - i - 1/2*i**2 - 1/20*i**5 - 1/4*i**4. Determine j(-3).
-4
Let h be 0*(0 - 4/(-12)). Let z(x) = 44*x**2 - 1 - 2 - 45*x**2. What is z(h)?
-3
Let u(v) = v**3 - v**2 - 2*v + 1. Let r(q) = q**3 + 11*q**2 + 9*q - 3. Let c be r(-10). Suppose -4*s + 1 = -c. Determine u(s).
1
Let c be (0 + (-1 - 0))*1. Let r(v) = -11*v**3 - 2*v - 1 + v**2 - 2*v**2 + 3*v - 2*v. Determine r(c).
10
Let z(n) = n - 14. Let c(d) = d - 1. Let g(y) = 2*c(y) - z(y). Let w be g(-10). Let m(o) = 6*o - 1. Give m(w).
11
Let c(d) = d**2 + 9*d + 4. Let v be c(-10). Suppose 2*r - 10 = -4*h, r - 3*r - v = -2*h. Let a(f) = -3 + 2 - 2 - 5*f. Determine a(r).
12
Let c(z) = 2*z**3 + z**2 + 9*z + 8. Let q(j) = -3*j**3 - 3*j**2 - 17*j - 15. Let k(m) = 5*c(m) + 3*q(m). Suppose 3*n = -2*n + 25. What is k(n)?
-10
Let g(r) = -6 - 8 + 3*r + 0*r - 2*r. Calculate g(6).
-8
Let t(q) = -3*q**2 + 2*q. Suppose -3*i - 4 - 15 = -5*w, 3*w + 6 = -4*i. Give t(w).
-8
Let t(j) = j. Let o be 2 + -4 + -2 + 1. Let h be o/(-9) + 4/6. What is t(h)?
1
Suppose -5*k = -2*j + 2 - 8, -k + 4 = j. Suppose 5*z + 6 = j*z. Let y(g) be the second derivative of -g**5/20 - g**4/6 + g**3/2 + g**2/2 - 3*g. Give y(z).
-5
Let i(f) be the second derivative of -1/12*f**4 - 1/2*f**2 - f**3 + 0 + 3*f. Give i(-4).
7
Let g(o) = 2*o**3 - 7*o**2 - 10*o - 4. Let a = 6 - 3. Let t(h) = -h**3 + 7*h**2 + 9*h + 4. Let c(n) = a*t(n) + 2*g(n). What is c(-6)?
-2
Let r(u) be the third derivative of 5*u**4/24 - u**3/6 + 32*u**2. What is r(-4)?
-21
Let h be 2*((-2)/(-4) - 0). Let d(v) be the first derivative of -3*v**2/2 - v - 7. What is d(h)?
-4
Let q(i) be the second derivative of -i**4/12 + i**3/6 + 2*i**2 - i. Suppose 2*n - 3 = 7. Suppose -r - 3*r - 35 = n*b, -3*b - 3*r - 24 = 0. Calculate q(b).
-8
Suppose 65 - 21 = -4*l - m, 3*l + 2*m + 38 = 0. Let s = 7 + l. Let d(p) = p**3 + 6*p**2 + 4*p + 1. Determine d(s).
16
Let q(a) = -7*a**2 + a. Let l = -40 - -39. Give q(l).
-8
Let v(t) be the second derivative of t**4/12 + t**3/3 - 3*t**2/2 + 42*t. Determine v(2).
5
Let x(l) be the first derivative of 2*l**2 + 1/6*l**3 + 2*l + 1. Let c(a) be the first derivative of x(a). Determine c(-4).
0
Suppose -k - 2 = 2*v, 2*v + k + 2 = -3*v. Let u(b) = b**2 - b - 3. What is u(v)?
-3
Let k(x) be the first derivative of x**2/2 + 2*x + 27. Give k(-6).
-4
Suppose 0*v = -4*v. Let h(n) = n - 1. Give h(v).
-1
Let k(t) = -2*t - 9. Let r(j) = 4*j + 18. Suppose -7*u + 2*u = 35. Let f be 6/(-4) + u/(-2). Let v(h) = f*r(h) + 5*k(h). What is v(-6)?
3
Let f(k) be the third derivative of k**6/120 + k**5/10 + 5*k**4/24 + 7*k**3/6 + 3*k**2. Suppose -13 = z - 4*c, 0 = 4*z - 5*c - 0*c + 30. Calculate f(z).
7
Suppose 0*i - 3*i = 18. Let f(y) be the third derivative of 0 - 5/6*y**3 + 3*y**2 - 1/10*y**5 - 1/120*y**6 - 1/12*y**4 + 0*y. What is f(i)?
7
Let k(d) = -2*d**3 + 8*d**2 - d + 2. Let j(z) = -3*z**3 + 15*z**2 - z + 3. Suppose -6*x + 3*x = -9. Let w(s) = x*j(s) - 5*k(s). What is w(-4)?
7
Let t(w) = -10*w**3 - 5*w**2 + 22*w - 5. Let p(s) = 3*s**3 + 2*s**2 - 7*s + 2. Let a(l) = 7*p(l) + 2*t(l). Let u = 9 + -1. Let b = -13 + u. Give a(b).
4
Let g(l) be the third derivative of 3*l**6/40 - l**5/30 - l**4/24 + 6*l**2. What is g(-1)?
-10
Let m(p) = -5*p**2 + 1. Suppose 0 = -z - 2*z + 9. Let i(r) = r**2 - r + 1. Let j(c) = z*i(c) + m(c). Let w = -5 + 2. Determine j(w).
-5
Let i(o) = 2 - 7 + 6. Let v(n) = -n**2 - 2*n - 5. Let s(a) = -6*i(a) - v(a). Give s(2).
7
Let o(u) = -4*u + 5*u + 2*u + 0*u - 1. Determine o(1).
2
Let d(x) = 2*x + 3. Let j(n) = -n**2 - 6. Let l = -7 - -7. Let u be j(l). Give d(u).
-9
Let f(j) be the second derivative of 2*j**3/3 - 2*j**2 + 26*j. What is f(3)?
8
Let d(h) be the third derivative of h**4/24 - 11*h**3/6 - 11*h**2. Determine d(0).
-11
Let j(h) = 2*h - 2. Let l be j(3). Let g(s) be the first derivative of -s**3/3 + 2*s**2 - 5*s + 3. Give g(l).
-5
Let m(k) be the first derivative of -k**2/2 + 14*k - 10. Calculate m(8).
6
Let i(o) = 10*o**2 + 6*o + 5. Let k(h) = 11*h**2 + 7*h + 6. Suppose -43 = 5*b - 2*d - 3, 3*b = -4*d + 2. Let r(n) = b*k(n) + 7*i(n). Determine r(1).
3
Let c(q) = 6*q - 2. Let t(b) = b**2 - 8*b + 9. Let l be t(9). Let s be (-5)/(-4) + l/24. What is c(s)?
10
Let p = 1 - 3. Let a(x) = -6*x - 2. Determine a(p).
10
Let i = 32 + -39. Let g be (-7)/2*4/i. Let z(f) be the second derivative of -f**3 + 3*f**2/2 + f. Determine z(g).
-9
Let o = -18 - -19. Let n(d) = -6*d**2. What is n(o)?
-6
Let l(x) = 3*x**3 - x - 1. Let u be (-60)/(-50)*(-5)/2 + 2. What is l(u)?
-3
Let b = 8 - 14. Let k(q) = -2*q - 3. Give k(b).
9
Suppose 0 = -5*g + 42 - 7. Let w(a) = -4*a - 6 + 3*a - g. Calculate w(-7).
-6
Suppose 0 = -2*r - 0*r. Let m = 3 - r. Let u(j) be the third derivative of -j**4/12 + 2*j**3/3 + j**2. Calculate u(m).
-2
Let g(q) be the first derivative of -2 - 6*q - 1/2*q**2. What is g(5)?
-11
Let r be (-14)/(-49) + 5*8/7. Let d(s) = s**3 - 5*s**2 - 4*s - 7. What is d(r)?
5
Let m(k) = -k**2 - 4*k + 7. Let x be m(-5). Suppose 4*r = x*r - 12. Let d(b) = -b + 2. Calculate d(r).
8
Let q(p) be the second derivative of 1/720*p**6 + 0 - p - 1/120*p**5 + 1/6*p**4 + 0*p**2 + 0*p**3. Let o(v) be the third derivative of q(v). What is o(-1)?
-2
Let w(i) be the second derivative of -i**3/6 + 2*i. Give w(-1).
1
Let h(g) = -168*g + 62*g + 51*g + 57*g - 3. Calculate h(-7).
-17
Let j(m) be the second derivative of -m**3/6 - 11*m**2/2 - 58*m. What is j(-9)?
-2
Let n(d) = 1 - 7*d**2 + 5 - 2*d - 7. Let j(y) = -6*y**2 - 3*y - 1. Let k(f) = 2*j(f) - 3*n(f). Give k(-1).
10
Let q(x) = 0*x - 4 - 2*x + 1 + x. Let t be q(-8). Let u(f) = -f**2 + 4*f + 4. Determine u(t).
-1
Let f be -4 + 3 + 20/(-4). Let u(n) = n + 4. Determine u(f).
-2
Let m(v) = -3*v + 13. Let f be m(6). Let l = 3 - 1. Let q(t) = -7 - 3*t + t + t**l + t + 6*t. Determine q(f).
-7
Let o = 12 + -7. Let q(i) be the first derivative of -i**3 - 5*i**2/2 + 9*i + 2. Let u(x) = -8*x**2 - 15*x + 26. Let y(t) = -11*q(t) + 4*u(t). Give y(o).
5
Let d(i) = -i**2 + 6*i + 11. Let m = 23 + -16. Let j be d(m). Let v(l) = l - 3. Give v(j).
1
Suppose -3*j - 13 = -4*o, 2*j = -3*j - 2*o - 39. Let v = -5 - j. Let d(c) = c**v - 4*c - 2*c**2 + 1 + 3. Calculate d(-3).
7
Let s(g) = 11*g - 6. Let y(a) = 4*a - 2. Let z(q) = -3*s(q) + 8*y(q). Calculate z(-6).
8
Let j = 453 + -452. Let w(y) = -6*y**3 + 2*y**2 - 2*y + 4. Let i(o) = o**3 - 1. Let z(n) = 3*i(n) + w(n). Determine z(j).
-2
Suppose -4*v + 4 = -2*q, 3*q = -0*q - 3*v + 3. Let k(j) = -j**2 + j + 3. What is k(q)?
3
Let z(k) = -k**2 + 5*k - 5. Let o(u) = -u**2 - 7*u + 8. Let g be o(-8). Suppose -s + 3 + 2 = g. Determine z(s).
-5
Let b(o) = -4 - 1 - o + 0. Let w(m) = 5*m + 20. Let l(j) = -9*b(j) - 2*w(j). Let d(p) = p**2 - 3*p - 18. Let a be d(6). Calculate l(a).
5
Suppose s - 1 = -0. Let j(g) = -17*g - 20*g + 61*g + 1 - 25*g. Calculate j(s).
0
Let t(s) = -s**3 + 7*s 